0 divide 715147810?
True
Is 53 a factor of 16415911?
False
Does 5 divide 92859690?
True
Is 90 a factor of 57748770?
True
Is 2326329525 a multiple of 128?
False
Is 200 a factor of 303013800?
True
Does 334 divide 4600516?
True
Is 70 a factor of 31078362?
False
Does 4 divide 12352188?
True
Does 27 divide 41426694?
True
Is 23 a factor of 38836998?
False
Is 496340670 a multiple of 410?
True
Is 440287561 a multiple of 27?
False
Does 42 divide 102391850?
False
Is 518791230 a multiple of 6?
True
Is 2882 a factor of 1431477645?
False
Is 174099990 a multiple of 67?
False
Does 5901 divide 43478568?
True
Is 28098901 a multiple of 408?
False
Is 7753330 a multiple of 26?
True
Is 73509215 a multiple of 231?
False
Does 2 divide 4391719?
False
Does 74 divide 35161100?
True
Is 7 a factor of 347598482?
True
Does 838 divide 50258767?
False
Is 69936335 a multiple of 7?
True
Is 897747390 a multiple of 795?
True
Is 74967165 a multiple of 105?
True
Is 158825672 a multiple of 27?
False
Does 58 divide 13713056?
True
Is 26 a factor of 25737712?
True
Is 37 a factor of 249403073?
False
Does 4 divide 7919387?
False
Is 83 a factor of 215489248?
True
Does 1058 divide 1729508233?
False
Does 837 divide 17941932?
True
Is 1900204221 a multiple of 8170?
False
Does 82 divide 53796756?
True
Is 33848 a multiple of 89?
False
Is 18 a factor of 337900194?
True
Is 2 a factor of 98560883?
False
Is 14 a factor of 15943620?
True
Is 440169255 a multiple of 8785?
False
Is 8518568 a multiple of 8?
True
Is 796373552 a multiple of 234?
False
Is 24 a factor of 3212945376?
True
Is 479825421 a multiple of 311?
False
Does 4 divide 5577120?
True
Is 27523739 a multiple of 6?
False
Does 571 divide 579363048?
False
Does 7 divide 64515704?
False
Is 382 a factor of 1283723224?
True
Is 239084340 a multiple of 27?
False
Is 14884944 a multiple of 212?
True
Is 269 a factor of 714349320?
False
Does 4 divide 50404238?
False
Does 151 divide 41188580?
False
Is 73435589 a multiple of 31?
False
Is 105 a factor of 29178333?
False
Does 58 divide 46328370?
True
Is 557543008 a multiple of 8?
True
Is 147 a factor of 140215068?
True
Is 22822240 a multiple of 40?
True
Is 8 a factor of 1551305353?
False
Does 2284 divide 1996774828?
False
Does 2218 divide 8781062?
True
Is 87 a factor of 73867238?
False
Does 154 divide 39442788?
True
Does 248 divide 11697168?
True
Is 96 a factor of 6454851?
False
Does 396 divide 74021235?
False
Does 50 divide 6685065?
False
Is 660 a factor of 590135432?
False
Is 52704976 a multiple of 61?
True
Does 301 divide 1624909976?
False
Is 1625 a factor of 231815901?
False
Does 23 divide 651325017?
True
Is 43899882 a multiple of 34?
True
Is 108 a factor of 170532108?
True
Is 365691966 a multiple of 193?
False
Is 7354312 a multiple of 56?
True
Is 247 a factor of 265521000?
False
Is 2443 a factor of 1106542192?
True
Does 20 divide 45596043?
False
Does 43 divide 3023722988?
False
Is 21175710 even?
True
Is 1203894030 a multiple of 1320?
False
Is 4 a factor of 13415072?
True
Does 46 divide 3631865278?
True
Is 126721837 a multiple of 11?
True
Does 21 divide 204630647?
False
Is 356505012 a multiple of 992?
False
Is 211 a factor of 139630938?
True
Is 258264062 a multiple of 43?
False
Does 4835 divide 398128405?
True
Is 18 a factor of 44607419?
False
Is 6 a factor of 3276559?
False
Does 392 divide 1056193432?
True
Is 326 a factor of 634395674?
True
Is 14 a factor of 344701968?
False
Is 6713604 a multiple of 18?
True
Does 66 divide 3123237096?
False
Does 650 divide 517398050?
True
Does 3 divide 349925417?
False
Is 8 a factor of 64790749?
False
Does 68 divide 5412188?
True
Is 8 a factor of 92391196?
False
Is 12 a factor of 623842?
False
Is 26766609 a multiple of 23?
False
Is 657 a factor of 35353170?
True
Is 6245 a factor of 1848388855?
True
Is 453115649 a multiple of 113?
True
Is 99442646 a multiple of 104?
False
Is 18580909 a multiple of 2117?
True
Is 40 a factor of 509322618?
False
Is 53241657 a multiple of 10?
False
Is 1162 a factor of 600980712?
False
Is 57 a factor of 311783787?
True
Is 699819000 a multiple of 25?
True
Is 24 a factor of 48456360?
True
Does 23 divide 1416928333?
False
Is 323 a factor of 3506488?
True
Is 8 a factor of 9584992?
True
Is 602 a factor of 25338325?
False
Is 177 a factor of 6416125?
False
Does 36 divide 218536128?
True
Is 30778701 a multiple of 5?
False
Is 581194875 a multiple of 167?
False
Is 29 a factor of 351630657?
False
Is 33002771 a multiple of 1756?
False
Is 521451224 a multiple of 439?
True
Is 51548285 a multiple of 53?
False
Is 1019240164 a multiple of 107?
False
Does 26 divide 132194608?
True
Is 52 a factor of 1434089353?
False
Is 2248346778 a multiple of 843?
False
Does 20 divide 670449460?
True
Is 225 a factor of 9520650?
True
Is 34 a factor of 403749725?
False
Is 2530014343 a multiple of 289?
False
Does 278 divide 9794778?
False
Does 14 divide 777183372?
True
Does 3267 divide 85824090?
True
Does 48 divide 438074592?
True
Is 2910 a factor of 1785731603?
False
Does 1646 divide 181893621?
False
Is 1455 a factor of 8575566?
False
Is 19 a factor of 9417616?
True
Does 17 divide 245921320?
True
Is 31479096 a multiple of 354?
True
Is 13372691 a multiple of 672?
False
Is 1359834336 a multiple of 21?
True
Does 174 divide 65138988?
True
Is 381122368 a multiple of 19?
True
Does 82 divide 3032442?
True
Does 76 divide 1321171733?
False
Does 8 divide 420347272?
True
Does 3 divide 716976491?
False
Is 176 a factor of 466487443?
False
Is 230431470 a multiple of 815?
True
Is 112689387 a multiple of 549?
True
Is 216738341 a multiple of 41?
True
Is 76063042 a multiple of 283?
True
Does 988 divide 2110316624?
True
Is 111 a factor of 155921062?
False
Is 4258032 a multiple of 258?
True
Is 4956 a factor of 1087252362?
False
Is 3639 a factor of 1229108640?
True
Does 66 divide 300979437?
False
Does 6760 divide 941634200?
True
Is 12811230 a multiple of 4?
False
Does 15 divide 33355088?
False
Is 6903487425 a multiple of 25?
True
Is 47 a factor of 61003979?
True
Does 4164 divide 336580284?
True
Is 12429912 a multiple of 22?
True
Is 198 a factor of 396109494?
True
Does 15 divide 522201518?
False
Is 398 a factor of 1275734279?
False
Is 115 a factor of 271951735?
False
Is 2950 a factor of 587277150?
True
Is 23 a factor of 10495190?
False
Is 55693827 a multiple of 7?
True
Is 41 a factor of 285493865?
True
Does 14 divide 427698189?
False
Is 658086 a multiple of 3?
True
Is 308 a factor of 281104516?
True
Is 434645223 a multiple of 313?
False
Does 25 divide 79197459?
False
Does 11 divide 49037540?
False
Does 37 divide 40221072?
True
Does 5150 divide 241370200?
True
Does 540 divide 225048581?
False
Does 102 divide 1796730?
True
Is 26777310 a multiple of 194?
False
Does 724 divide 67599510?
False
Does 8363 divide 1666646572?
False
Does 625 divide 96500087?
False
Does 2848 divide 28017688?
False
Is 6522 a factor of 507537338?
False
Does 7 divide 10666607?
True
Is 75356336 a multiple of 2236?
False
Is 206604423 a multiple of 969?
False
Does 16 divide 94336?
True
Is 908934026 a multiple of 49?
True
Is 458533589 a multiple of 39?
False
Does 432 divide 414232272?
True
Is 1787315784 a multiple of 12?
True
Is 379771731 a multiple of 629?
False
Is 208 a factor of 594322976?
True
Is 2832 a factor of 130725120?
True
Is 21083374 a multiple of 85?
False
Is 3 a factor of 2908481?
False
Is 11 a factor of 16886932?
False
Does 42 divide 288502485?
False
Is 450790458 a multiple of 2360?
False
Does 48 divide 63409051?
False
Is 932 a factor of 94301624?
True
Is 52 a factor of 141114584?
True
Is 389 a factor of 13492854?
True
Is 2237 a factor of 743404314?
True
Is 63727776 a multiple of 2296?
True
Is 7 a factor of 12470801?
True
Is 115 a factor of 1776603764?
False
Is 285 a factor of 108112470?
True
Does 231 divide 61931331?
True
Is 18 a factor of 145371929?
False
Is 1243 a factor of 177171730?
False
Is 64124346 a multiple of 3718?
True
Is 275609175 even?
False
Is 3819 a factor of 592785180?
True
Does 3492 divide 250826868?
True
Is 43 a factor of 1309768347?
True
Is 5 a factor of 26202920?
True
Is 2560610 a multiple of 65?
True
Is 477 a factor of 10457904?
False
Is 153365338 a multiple of 82?
True
Is 246563590 a multiple of 130?
True
Is 735 a factor of 16347135?
True
Does 141 divide 32512638?
False
Is 115029870 a multip